e
Is 5 a factor of 5791?
False
Is 10 a factor of 6720?
True
Is 12 a factor of 5104?
False
Is 45 a multiple of 5?
True
Is 676 even?
True
Is 111 a factor of 23468?
False
Is 671 a multiple of 25?
False
Is 4290 a multiple of 110?
True
Is 13 a factor of 15782?
True
Is 10 a factor of 978?
False
Is 13536 a multiple of 373?
False
Is 10 a factor of 61?
False
Is 250 even?
True
Is 3304 a multiple of 14?
True
Is 132 a factor of 4488?
True
Is 10530 a multiple of 9?
True
Is 67 a factor of 21105?
True
Is 28 a factor of 319?
False
Is 28 a factor of 56?
True
Is 992 a multiple of 52?
False
Does 15 divide 491?
False
Is 5146 a multiple of 10?
False
Does 112 divide 8307?
False
Does 73 divide 21117?
False
Does 11 divide 13238?
False
Is 9 a factor of 1986?
False
Does 36 divide 78840?
True
Does 8 divide 6416?
True
Does 16 divide 3553?
False
Is 16 a factor of 31745?
False
Is 4236 a multiple of 7?
False
Is 192 a factor of 19717?
False
Is 192 a multiple of 8?
True
Is 14016 a multiple of 4?
True
Is 129 a factor of 645?
True
Is 39 a factor of 246?
False
Is 179 a multiple of 55?
False
Is 32 a factor of 1344?
True
Is 16 a factor of 432?
True
Is 16 a factor of 3232?
True
Does 20 divide 8880?
True
Is 36 a factor of 6165?
False
Does 107 divide 12519?
True
Is 16 a factor of 32815?
False
Is 2537 a multiple of 36?
False
Is 2643 a multiple of 74?
False
Is 7 a factor of 1631?
True
Is 50 a factor of 379?
False
Is 16 a factor of 1473?
False
Does 22 divide 7823?
False
Is 13 a factor of 1261?
True
Is 31 a factor of 899?
True
Is 47 a factor of 4700?
True
Does 3 divide 6468?
True
Is 8388 a multiple of 218?
False
Is 5799 a multiple of 13?
False
Is 28 a factor of 3648?
False
Does 8 divide 970?
False
Is 3 a factor of 1359?
True
Is 10 a factor of 12023?
False
Is 6225 a multiple of 93?
False
Is 12 a factor of 132?
True
Is 12 a factor of 456?
True
Is 123 a factor of 4428?
True
Is 105045 a multiple of 39?
False
Does 9 divide 32688?
True
Does 5 divide 21310?
True
Does 3 divide 90?
True
Does 35 divide 1423?
False
Is 2254 a multiple of 49?
True
Is 27829 a multiple of 19?
False
Is 9700 a multiple of 25?
True
Is 142 a factor of 3692?
True
Is 14 a factor of 73794?
True
Is 3788 a multiple of 15?
False
Does 37 divide 826?
False
Is 2315 a multiple of 5?
True
Does 26 divide 41011?
False
Is 15460 a multiple of 9?
False
Is 800 a multiple of 16?
True
Does 5 divide 205?
True
Does 69 divide 2017?
False
Does 89 divide 4098?
False
Does 89 divide 12903?
False
Does 31 divide 27705?
False
Does 30 divide 600?
True
Is 83 a factor of 406?
False
Does 3 divide 32?
False
Does 170 divide 106487?
False
Is 98 a multiple of 10?
False
Does 15 divide 112?
False
Does 20 divide 500?
True
Does 5 divide 934?
False
Is 37572 a multiple of 12?
True
Is 51 a factor of 4590?
True
Is 8653 a multiple of 94?
False
Is 21 a factor of 42?
True
Does 126 divide 29588?
False
Is 7222 a multiple of 23?
True
Is 26 a factor of 19734?
True
Is 80 a multiple of 4?
True
Is 99 a factor of 1187?
False
Is 432 a multiple of 48?
True
Does 28 divide 3416?
True
Is 16 a factor of 2485?
False
Does 20 divide 1435?
False
Does 2 divide 170?
True
Is 14800 a multiple of 16?
True
Does 12 divide 423?
False
Does 25 divide 9304?
False
Is 7 a factor of 750?
False
Is 660 a multiple of 20?
True
Is 1790 a multiple of 35?
False
Is 3049 a multiple of 5?
False
Is 301 a multiple of 2?
False
Is 10023 a multiple of 14?
False
Is 21 a factor of 7343?
False
Is 315 a multiple of 35?
True
Is 15356 a multiple of 11?
True
Does 21 divide 1470?
True
Is 95 a factor of 10074?
False
Is 12 a factor of 12732?
True
Is 5 a factor of 79?
False
Does 32 divide 439?
False
Does 3 divide 27?
True
Is 464 a multiple of 16?
True
Is 969 a multiple of 51?
True
Does 33 divide 18678?
True
Is 31 a factor of 5032?
False
Is 152 a factor of 17130?
False
Is 75348 a multiple of 42?
True
Does 2 divide 117?
False
Is 22 a factor of 139?
False
Is 15224 a multiple of 22?
True
Is 41 a multiple of 3?
False
Is 16275 a multiple of 6?
False
Is 13616 a multiple of 18?
False
Does 3 divide 48?
True
Does 45 divide 215?
False
Does 42 divide 4413?
False
Is 2810 a multiple of 5?
True
Does 17 divide 42741?
False
Is 1360 a multiple of 40?
True
Is 5 a factor of 151?
False
Does 18 divide 2551?
False
Is 150 a factor of 5133?
False
Is 17 a factor of 414?
False
Does 26 divide 494?
True
Is 26 a factor of 1612?
True
Is 3960 a multiple of 12?
True
Is 162 a multiple of 3?
True
Is 328 a multiple of 18?
False
Is 2952 a multiple of 108?
False
Does 6 divide 8197?
False
Is 7 a factor of 7627?
False
Is 3094 a multiple of 34?
True
Does 131 divide 6894?
False
Is 50 a factor of 10535?
False
Is 24 a factor of 10445?
False
Is 315 a multiple of 35?
True
Does 6 divide 168?
True
Does 32 divide 13986?
False
Is 7766 a multiple of 87?
False
Is 47 a factor of 7295?
False
Does 21 divide 1512?
True
Does 108 divide 15283?
False
Is 18 a multiple of 18?
True
Does 7 divide 158?
False
Does 24 divide 2880?
True
Is 46321 a multiple of 10?
False
Is 141 a factor of 21009?
True
Is 50 a factor of 38660?
False
Does 8 divide 78?
False
Is 350 a multiple of 7?
True
Is 19 a factor of 673?
False
Is 214 a multiple of 5?
False
Does 19 divide 513?
True
Is 972 a multiple of 9?
True
Is 22197 a multiple of 85?
False
Is 6783 a multiple of 119?
True
Is 35 a multiple of 10?
False
Is 395 a multiple of 16?
False
Is 7 a factor of 106?
False
Does 12 divide 1687?
False
Does 14 divide 4452?
True
Is 135 a multiple of 2?
False
Does 19 divide 612?
False
Is 980 a multiple of 4?
True
Is 171 a factor of 16602?
False
Is 690 a multiple of 5?
True
Is 1562 a multiple of 8?
False
Is 86 a factor of 19350?
True
Does 19 divide 1046?
False
Is 2 a factor of 54?
True
Is 11 a factor of 13288?
True
Is 3 a factor of 2190?
True
Is 1972 a multiple of 29?
True
Is 13 a factor of 2467?
False
Is 40 a factor of 1613?
False
Is 49894 a multiple of 26?
True
Is 64 a factor of 336?
False
Is 37 a factor of 235?
False
Is 456 a multiple of 10?
False
Is 75425 a multiple of 35?
True
Is 9196 a multiple of 38?
True
Does 6 divide 526?
False
Does 35 divide 1330?
True
Is 2 a factor of 118?
True
Is 10 a factor of 20120?
True
Is 10725 a multiple of 13?
True
Is 15 a factor of 270?
True
Does 54 divide 486?
True
Is 37000 a multiple of 37?
True
Is 205 a multiple of 10?
False
Is 42 a factor of 378?
True
Is 29 a factor of 2175?
True
Does 17 divide 411?
False
Is 10 a factor of 1031?
False
Is 14 a factor of 20244?
True
Is 7575 a multiple of 9?
False
Is 40 a factor of 6662?
False
Does 40 divide 14778?
False
Does 27 divide 3256?
False
Is 1000 a multiple of 4?
True
Is 2368 a multiple of 16?
True
Does 3 divide 8433?
True
Is 10 a factor of 13190?
True
Does 10 divide 4060?
True
Does 33 divide 355?
False
Is 923 a multiple of 71?
True
Is 17518 a multiple of 11?
False
Is 79 a multiple of 10?
False
Is 235 a factor of 10810?
True
Does 35 divide 1678?
False
Is 12 a factor of 34908?
True
Is 23655 a multiple of 285?
True
Is 62 a factor of 42036?
True
Does 381 divide 24654?
False
Is 13568 a multiple of 8?
True
Does 14 divide 407?
False
Does 3 divide 67?
False
Does 12 divide 1308?
True
Does 69 divide 9242?
False
Is 351 a multiple of 39?
True
Is 2352 a multiple of 12?
True
Does 39 divide 624?
True
Is 12910 a multiple of 24?
False
Is 88 a factor of 3270?
False
Does 19 divide 637?
False
Is 21 a factor of 207?
False
Is 731 a multiple of 24?
False
Is 24 a factor of 120?
True
Does 31 divide 496?
True
Is 18 a factor of 495?
False
Is 3212 a multiple of 44?
True
Is 50 a factor of 10650?
True
Does 51 divide 3383?
False
Is 13583 a multiple of 47?
True
Is 13 a factor of 6928?
False
Is 19 a multiple of 5?
False
Is 19 a factor of 3496?
True
Is 1797 a multiple of 132?
False
Is 727 even?
False
Is 12 a factor of 6675?
False
Is 12 a factor of 244?
False
Is 1464 a multiple of 8?
True
Is 404 a multiple of 36?
False
Is 91 a factor of 3638?
False
Does 19 divide 18610?
False
Is 38 a factor of 125134?
True
Does 25 divide 883?
False
Is 2240 a multiple of 16?
True
Is 28 a factor of 1627?
False
Is 13688 a multiple of 59?
True
Is 41 a factor of 3302?
False
Does 15 divide 37160?
False
Does 42 divide 24902?
False
Does 25 divide 1050?
True
Is 145 a multiple of 2?
False
Is 17 a factor of 3893?
True
Is 70 a factor of 70?
True
Is 24672 a multiple of 48?
True
Is 249 a factor of 12699?
Tru